{"id":2447,"date":"2026-03-20T10:03:36","date_gmt":"2026-03-20T09:03:36","guid":{"rendered":"https:\/\/festivalphotophilippeville.be\/?page_id=2447"},"modified":"2026-03-20T11:57:26","modified_gmt":"2026-03-20T10:57:26","slug":"notre-mission","status":"publish","type":"page","link":"https:\/\/festivalphotophilippeville.be\/?page_id=2447","title":{"rendered":"Notre mission"},"content":{"rendered":"\t\t<div data-elementor-type=\"wp-page\" data-elementor-id=\"2447\" class=\"elementor elementor-2447\">\n\t\t\t\t\t\t<section class=\"elementor-section elementor-top-section elementor-element elementor-element-8c988ee elementor-section-boxed elementor-section-height-default elementor-section-height-default\" data-id=\"8c988ee\" data-element_type=\"section\">\n\t\t\t\t\t\t<div class=\"elementor-container elementor-column-gap-default\">\n\t\t\t\t\t<div class=\"elementor-column elementor-col-100 elementor-top-column elementor-element elementor-element-f5aef40\" data-id=\"f5aef40\" data-element_type=\"column\">\n\t\t\t<div class=\"elementor-widget-wrap\">\n\t\t\t\t\t\t\t<\/div>\n\t\t<\/div>\n\t\t\t\t\t<\/div>\n\t\t<\/section>\n\t\t\t\t<section class=\"elementor-section elementor-top-section elementor-element elementor-element-ce2625c elementor-section-boxed elementor-section-height-default elementor-section-height-default\" data-id=\"ce2625c\" data-element_type=\"section\">\n\t\t\t\t\t\t<div class=\"elementor-container elementor-column-gap-default\">\n\t\t\t\t\t<div class=\"elementor-column elementor-col-100 elementor-top-column elementor-element elementor-element-3d84e4e\" data-id=\"3d84e4e\" data-element_type=\"column\">\n\t\t\t<div class=\"elementor-widget-wrap elementor-element-populated\">\n\t\t\t\t\t\t<div class=\"elementor-element elementor-element-c7a3a56 elementor-widget elementor-widget-slider_revolution\" data-id=\"c7a3a56\" data-element_type=\"widget\" data-widget_type=\"slider_revolution.default\">\n\t\t\t\t<div class=\"elementor-widget-container\">\n\t\t\t\t\t\n\t\t<div class=\"wp-block-themepunch-revslider\">\n\t\t\t<!-- START mission REVOLUTION SLIDER 6.7.11 --><p class=\"rs-p-wp-fix\"><\/p>\n\t\t\t<rs-module-wrap id=\"rev_slider_8_1_wrapper\" data-source=\"gallery\" style=\"visibility:hidden;background:transparent;padding:0;margin:0px auto;margin-top:0;margin-bottom:0;\">\n\t\t\t\t<rs-module id=\"rev_slider_8_1\" style=\"\" data-version=\"6.7.11\">\n\t\t\t\t\t<rs-slides style=\"overflow: hidden; position: absolute;\">\n\t\t\t\t\t\t<rs-slide style=\"position: absolute;\" data-key=\"rs-16\" data-title=\"Slide\" data-in=\"o:0;\" data-out=\"a:false;\">\n\t\t\t\t\t\t\t<img fetchpriority=\"high\" decoding=\"async\" src=\"\/\/festivalphotophilippeville.be\/wp-content\/plugins\/revslider\/sr6\/assets\/assets\/dummy.png\" alt=\"\" width=\"2560\" height=\"1920\" class=\"rev-slidebg tp-rs-img rs-lazyload\" data-lazyload=\"\/\/festivalphotophilippeville.be\/wp-content\/uploads\/2026\/01\/IMG_7774-scaled.jpeg\" data-no-retina>\n<!--\n\t\t\t\t\t\t\t--><rs-layer\n\t\t\t\t\t\t\t\tid=\"slider-8-slide-16-layer-0\" \n\t\t\t\t\t\t\t\tdata-type=\"text\"\n\t\t\t\t\t\t\t\tdata-color=\"#fff\"\n\t\t\t\t\t\t\t\tdata-rsp_ch=\"on\"\n\t\t\t\t\t\t\t\tdata-xy=\"xo:2px,1px,-1px,-1px;yo:256px,211px,342px,360px;\"\n\t\t\t\t\t\t\t\tdata-text=\"w:normal;s:83,68,72,56;l:97,80,84,66;ls:-1,0,0,0;fw:500;\"\n\t\t\t\t\t\t\t\tdata-dim=\"w:425,350,auto,auto;minh:0,none,none,none;\"\n\t\t\t\t\t\t\t\tdata-frame_0=\"x:100%;\"\n\t\t\t\t\t\t\t\tdata-frame_0_mask=\"u:t;\"\n\t\t\t\t\t\t\t\tdata-frame_1=\"sp:1000;\"\n\t\t\t\t\t\t\t\tdata-frame_1_mask=\"u:t;\"\n\t\t\t\t\t\t\t\tdata-frame_999=\"o:0;st:w;\"\n\t\t\t\t\t\t\t\tstyle=\"z-index:6;background-color:#34aadc;font-family:'Poppins';text-transform:uppercase;\"\n\t\t\t\t\t\t\t>PHESTIVAL \n\t\t\t\t\t\t\t<\/rs-layer><!--\n\n\t\t\t\t\t\t\t--><rs-layer\n\t\t\t\t\t\t\t\tid=\"slider-8-slide-16-layer-1\" \n\t\t\t\t\t\t\t\tdata-type=\"text\"\n\t\t\t\t\t\t\t\tdata-color=\"#34aadc\"\n\t\t\t\t\t\t\t\tdata-rsp_ch=\"on\"\n\t\t\t\t\t\t\t\tdata-xy=\"xo:-1px,0,0,-1px;yo:381px,314px,439px,431px;\"\n\t\t\t\t\t\t\t\tdata-text=\"w:normal;s:50,41,49,39;l:56,46,56,45;ls:1,0,0,0;fw:500;a:center;\"\n\t\t\t\t\t\t\t\tdata-dim=\"w:368px,303px,302px,249px;minh:0,none,none,none;\"\n\t\t\t\t\t\t\t\tdata-frame_0=\"x:-100%;\"\n\t\t\t\t\t\t\t\tdata-frame_0_mask=\"u:t;\"\n\t\t\t\t\t\t\t\tdata-frame_1=\"sp:1000;\"\n\t\t\t\t\t\t\t\tdata-frame_1_mask=\"u:t;\"\n\t\t\t\t\t\t\t\tdata-frame_999=\"o:0;st:w;\"\n\t\t\t\t\t\t\t\tstyle=\"z-index:9;background-color:#ffffff;font-family:'Roboto';\"\n\t\t\t\t\t\t\t>Notre mission \n\t\t\t\t\t\t\t<\/rs-layer><!--\n-->\t\t\t\t\t<\/rs-slide>\n\t\t\t\t\t<\/rs-slides>\n\t\t\t\t<\/rs-module>\n\t\t\t\t<script>\n\t\t\t\t\tsetREVStartSize({c: 'rev_slider_8_1',rl:[1240,1024,778,480],el:[750,768,960,720],gw:[1240,1024,778,480],gh:[750,768,960,720],type:'standard',justify:'',layout:'fullwidth',mh:\"0\"});if (window.RS_MODULES!==undefined && window.RS_MODULES.modules!==undefined && window.RS_MODULES.modules[\"revslider81\"]!==undefined) {window.RS_MODULES.modules[\"revslider81\"].once = false;window.revapi8 = undefined;if (window.RS_MODULES.checkMinimal!==undefined) window.RS_MODULES.checkMinimal()}\n\t\t\t\t<\/script>\n\t\t\t<\/rs-module-wrap>\n\t\t\t<!-- END REVOLUTION SLIDER -->\n<\/div>\n\n\t\t\t\t\t\t<\/div>\n\t\t\t\t<\/div>\n\t\t\t\t<section class=\"elementor-section elementor-inner-section elementor-element elementor-element-c18e9eb elementor-section-boxed elementor-section-height-default elementor-section-height-default\" data-id=\"c18e9eb\" data-element_type=\"section\">\n\t\t\t\t\t\t<div class=\"elementor-container elementor-column-gap-default\">\n\t\t\t\t\t<div class=\"elementor-column elementor-col-100 elementor-inner-column elementor-element elementor-element-aa783ef\" data-id=\"aa783ef\" data-element_type=\"column\">\n\t\t\t<div class=\"elementor-widget-wrap elementor-element-populated\">\n\t\t\t\t\t\t<div class=\"elementor-element elementor-element-1222152 elementor-widget elementor-widget-heading\" data-id=\"1222152\" data-element_type=\"widget\" data-widget_type=\"heading.default\">\n\t\t\t\t<div class=\"elementor-widget-container\">\n\t\t\t\t\t<h2 class=\"elementor-heading-title elementor-size-default\">Notre mission\n<\/h2>\t\t\t\t<\/div>\n\t\t\t\t<\/div>\n\t\t\t\t<div class=\"elementor-element elementor-element-23caa2f elementor-widget elementor-widget-text-editor\" data-id=\"23caa2f\" data-element_type=\"widget\" data-widget_type=\"text-editor.default\">\n\t\t\t\t<div class=\"elementor-widget-container\">\n\t\t\t\t\t\t\t\t\t<p>La photographie m\u00e9rite d\u2019\u00eatre vue, partag\u00e9e et v\u00e9cue.<\/p><p>Le PHestival est n\u00e9 d\u2019une conviction simple : la photographie artistique ne doit pas rester enferm\u00e9e dans des galeries ou des mus\u00e9es. Elle peut aussi vivre dans l\u2019espace public, au c\u0153ur d\u2019une ville, au d\u00e9tour d\u2019une promenade ou face \u00e0 un paysage.<\/p><p>Tous les deux ans, pendant l&rsquo;\u00e9t\u00e9, Philippeville devient ainsi une <b>galerie \u00e0 ciel ouvert<\/b>, o\u00f9 habitants et visiteurs d\u00e9couvrent le travail de photographes belges et internationaux.<\/p><p>Le PHestival d\u00e9fend une photographie exigeante, sensible et accessible. Les \u0153uvres sont expos\u00e9es librement dans l\u2019espace public afin que chacun puisse les rencontrer, qu\u2019il soit amateur passionn\u00e9 ou simple promeneur.<\/p><p>Depuis sa cr\u00e9ation, le PHestival s\u2019appuie sur une dynamique collective r\u00e9unissant artistes, institutions culturelles, partenaires et b\u00e9n\u00e9voles. Ensemble, ils contribuent \u00e0 faire de la photographie un vecteur de rencontre, de r\u00e9flexion et d\u2019\u00e9merveillement.<\/p><p>\u00c0 travers ses expositions, son concours international, ses rencontres et ses visites guid\u00e9es, le PHestival invite \u00e0 regarder autrement le monde qui nous entoure.<\/p><p><b>Une photographie peut \u00a0transformer un lieu, une ville, ou un regard.<\/b><\/p>\t\t\t\t\t\t\t\t<\/div>\n\t\t\t\t<\/div>\n\t\t\t\t\t<\/div>\n\t\t<\/div>\n\t\t\t\t\t<\/div>\n\t\t<\/section>\n\t\t\t\t\t<\/div>\n\t\t<\/div>\n\t\t\t\t\t<\/div>\n\t\t<\/section>\n\t\t\t\t<section class=\"elementor-section elementor-top-section elementor-element elementor-element-aba9980 elementor-section-full_width elementor-section-height-default elementor-section-height-default\" data-id=\"aba9980\" data-element_type=\"section\">\n\t\t\t\t\t\t<div class=\"elementor-container elementor-column-gap-default\">\n\t\t\t\t\t<div class=\"elementor-column elementor-col-100 elementor-top-column elementor-element elementor-element-fcbfdfc\" data-id=\"fcbfdfc\" data-element_type=\"column\">\n\t\t\t<div class=\"elementor-widget-wrap elementor-element-populated\">\n\t\t\t\t\t\t<div class=\"elementor-element elementor-element-509176e gallery-spacing-custom elementor-widget__width-inherit elementor-widget elementor-widget-image-gallery\" data-id=\"509176e\" data-element_type=\"widget\" data-widget_type=\"image-gallery.default\">\n\t\t\t\t<div class=\"elementor-widget-container\">\n\t\t\t\t\t\t\t<div class=\"elementor-image-gallery\">\n\t\t\t<div class=\"row gallery galleryid-2447 gallery-columns-3 gallery-size-full\" data-uk-grid-margin=\"\"><figure class=\"gallery-item\"><div class=\"gallery-icon landscape\"><a data-elementor-open-lightbox=\"yes\" data-elementor-lightbox-slideshow=\"509176e\" data-elementor-lightbox-title=\"IMG_9876\" data-e-action-hash=\"#elementor-action%3Aaction%3Dlightbox%26settings%3DeyJpZCI6MjI5NiwidXJsIjoiaHR0cHM6XC9cL2Zlc3RpdmFscGhvdG9waGlsaXBwZXZpbGxlLmJlXC93cC1jb250ZW50XC91cGxvYWRzXC8yMDI2XC8wMVwvSU1HXzk4NzYtc2NhbGVkLmpwZWciLCJzbGlkZXNob3ciOiI1MDkxNzZlIn0%3D\" href='https:\/\/festivalphotophilippeville.be\/wp-content\/uploads\/2026\/01\/IMG_9876-scaled.jpeg'><img decoding=\"async\" width=\"2560\" height=\"1920\" src=\"https:\/\/festivalphotophilippeville.be\/wp-content\/uploads\/2026\/01\/IMG_9876-scaled.jpeg\" class=\"attachment-full size-full\" alt=\"\" srcset=\"https:\/\/festivalphotophilippeville.be\/wp-content\/uploads\/2026\/01\/IMG_9876-scaled.jpeg 2560w, https:\/\/festivalphotophilippeville.be\/wp-content\/uploads\/2026\/01\/IMG_9876-300x225.jpeg 300w, https:\/\/festivalphotophilippeville.be\/wp-content\/uploads\/2026\/01\/IMG_9876-1024x768.jpeg 1024w, https:\/\/festivalphotophilippeville.be\/wp-content\/uploads\/2026\/01\/IMG_9876-768x576.jpeg 768w, https:\/\/festivalphotophilippeville.be\/wp-content\/uploads\/2026\/01\/IMG_9876-1536x1152.jpeg 1536w, https:\/\/festivalphotophilippeville.be\/wp-content\/uploads\/2026\/01\/IMG_9876-2048x1536.jpeg 2048w\" sizes=\"(max-width: 2560px) 100vw, 2560px\" \/><\/a><\/div><\/figure><figure class=\"gallery-item\"><div class=\"gallery-icon landscape\"><a data-elementor-open-lightbox=\"yes\" data-elementor-lightbox-slideshow=\"509176e\" data-elementor-lightbox-title=\"IMG_9876\" data-e-action-hash=\"#elementor-action%3Aaction%3Dlightbox%26settings%3DeyJpZCI6MjI4OSwidXJsIjoiaHR0cHM6XC9cL2Zlc3RpdmFscGhvdG9waGlsaXBwZXZpbGxlLmJlXC93cC1jb250ZW50XC91cGxvYWRzXC8yMDI2XC8wMVwvSU1HXzc3MjEuanBlZyIsInNsaWRlc2hvdyI6IjUwOTE3NmUifQ%3D%3D\" href='https:\/\/festivalphotophilippeville.be\/wp-content\/uploads\/2026\/01\/IMG_7721.jpeg'><img decoding=\"async\" width=\"8064\" height=\"6048\" src=\"https:\/\/festivalphotophilippeville.be\/wp-content\/uploads\/2026\/01\/IMG_7721.jpeg\" class=\"attachment-full size-full\" alt=\"\" srcset=\"https:\/\/festivalphotophilippeville.be\/wp-content\/uploads\/2026\/01\/IMG_7721.jpeg 8064w, https:\/\/festivalphotophilippeville.be\/wp-content\/uploads\/2026\/01\/IMG_7721-300x225.jpeg 300w, https:\/\/festivalphotophilippeville.be\/wp-content\/uploads\/2026\/01\/IMG_7721-1024x768.jpeg 1024w, https:\/\/festivalphotophilippeville.be\/wp-content\/uploads\/2026\/01\/IMG_7721-768x576.jpeg 768w\" sizes=\"(max-width: 8064px) 100vw, 8064px\" \/><\/a><\/div><\/figure><figure class=\"gallery-item\"><div class=\"gallery-icon landscape\"><a data-elementor-open-lightbox=\"yes\" data-elementor-lightbox-slideshow=\"509176e\" data-elementor-lightbox-title=\"IMG_9876\" data-e-action-hash=\"#elementor-action%3Aaction%3Dlightbox%26settings%3DeyJpZCI6MjI4OCwidXJsIjoiaHR0cHM6XC9cL2Zlc3RpdmFscGhvdG9waGlsaXBwZXZpbGxlLmJlXC93cC1jb250ZW50XC91cGxvYWRzXC8yMDI2XC8wMVwvSU1HXzk4Njctc2NhbGVkLmpwZWciLCJzbGlkZXNob3ciOiI1MDkxNzZlIn0%3D\" href='https:\/\/festivalphotophilippeville.be\/wp-content\/uploads\/2026\/01\/IMG_9867-scaled.jpeg'><img loading=\"lazy\" decoding=\"async\" width=\"2560\" height=\"1920\" src=\"https:\/\/festivalphotophilippeville.be\/wp-content\/uploads\/2026\/01\/IMG_9867-scaled.jpeg\" class=\"attachment-full size-full\" alt=\"\" srcset=\"https:\/\/festivalphotophilippeville.be\/wp-content\/uploads\/2026\/01\/IMG_9867-scaled.jpeg 2560w, https:\/\/festivalphotophilippeville.be\/wp-content\/uploads\/2026\/01\/IMG_9867-300x225.jpeg 300w, https:\/\/festivalphotophilippeville.be\/wp-content\/uploads\/2026\/01\/IMG_9867-1024x768.jpeg 1024w, https:\/\/festivalphotophilippeville.be\/wp-content\/uploads\/2026\/01\/IMG_9867-768x576.jpeg 768w, https:\/\/festivalphotophilippeville.be\/wp-content\/uploads\/2026\/01\/IMG_9867-1536x1152.jpeg 1536w, https:\/\/festivalphotophilippeville.be\/wp-content\/uploads\/2026\/01\/IMG_9867-2048x1536.jpeg 2048w\" sizes=\"(max-width: 2560px) 100vw, 2560px\" \/><\/a><\/div><\/figure><\/div>\t\t<\/div>\n\t\t\t\t\t\t<\/div>\n\t\t\t\t<\/div>\n\t\t\t\t\t<\/div>\n\t\t<\/div>\n\t\t\t\t\t<\/div>\n\t\t<\/section>\n\t\t\t\t<section class=\"elementor-section elementor-top-section elementor-element elementor-element-f1b8a84 elementor-section-boxed elementor-section-height-default elementor-section-height-default\" data-id=\"f1b8a84\" data-element_type=\"section\">\n\t\t\t\t\t\t<div class=\"elementor-container elementor-column-gap-default\">\n\t\t\t\t\t<div class=\"elementor-column elementor-col-100 elementor-top-column elementor-element elementor-element-464156f\" data-id=\"464156f\" data-element_type=\"column\">\n\t\t\t<div class=\"elementor-widget-wrap elementor-element-populated\">\n\t\t\t\t\t\t<section class=\"elementor-section elementor-inner-section elementor-element elementor-element-6e72b36 elementor-section-boxed elementor-section-height-default elementor-section-height-default\" data-id=\"6e72b36\" data-element_type=\"section\">\n\t\t\t\t\t\t<div class=\"elementor-container elementor-column-gap-default\">\n\t\t\t\t\t<div class=\"elementor-column elementor-col-100 elementor-inner-column elementor-element elementor-element-d5ab8d1\" data-id=\"d5ab8d1\" data-element_type=\"column\">\n\t\t\t<div class=\"elementor-widget-wrap elementor-element-populated\">\n\t\t\t\t\t\t<div class=\"elementor-element elementor-element-fe2c0f5 elementor-widget elementor-widget-heading\" data-id=\"fe2c0f5\" data-element_type=\"widget\" data-widget_type=\"heading.default\">\n\t\t\t\t<div class=\"elementor-widget-container\">\n\t\t\t\t\t<h2 class=\"elementor-heading-title elementor-size-default\">Qui sommes nous ?<\/h2>\t\t\t\t<\/div>\n\t\t\t\t<\/div>\n\t\t\t\t<div class=\"elementor-element elementor-element-a0858d7 elementor-widget elementor-widget-text-editor\" data-id=\"a0858d7\" data-element_type=\"widget\" data-widget_type=\"text-editor.default\">\n\t\t\t\t<div class=\"elementor-widget-container\">\n\t\t\t\t\t\t\t\t\t<p>Le Comit\u00e9 de gestion du Phestival est constitu\u00e9 de responsables du Centre culturel et de l&rsquo;Office du Tourisme de Philippeville d&rsquo;une part, et d&rsquo;un groupe de photographes amateurs et pros, tous b\u00e9n\u00e9voles passionn\u00e9s et issus de la r\u00e9gion, d&rsquo;autre part.\u00a0<\/p><p>Il fixe la th\u00e9matique, assure la recherche des artistes, prend les contacts, g\u00e8re la communication et l&rsquo;organisation du concours. En collaboration avec les partenaires (Ville de Philippeville, Lacs de l&rsquo;Eau d&rsquo;Heure) et renforc\u00e9 par un large groupe de b\u00e9n\u00e9voles mobilis\u00e9s pour le montage, le Comit\u00e9 assure l&rsquo;installation des expositions.<\/p><p>Envie de nous rejoindre ? Nous serions ravis de vous accueillir\u2026<\/p><p>Contact:<span style=\"color: #000000;\"> <a style=\"color: #000000;\" href=\"mailto:info@phestival.be\">info@phestival.be<\/a><\/span><\/p>\t\t\t\t\t\t\t\t<\/div>\n\t\t\t\t<\/div>\n\t\t\t\t\t<\/div>\n\t\t<\/div>\n\t\t\t\t\t<\/div>\n\t\t<\/section>\n\t\t\t\t<div class=\"elementor-element elementor-element-94bc2bf elementor-widget-divider--view-line elementor-widget elementor-widget-divider\" data-id=\"94bc2bf\" data-element_type=\"widget\" data-widget_type=\"divider.default\">\n\t\t\t\t<div class=\"elementor-widget-container\">\n\t\t\t\t\t\t\t<div class=\"elementor-divider\">\n\t\t\t<span class=\"elementor-divider-separator\">\n\t\t\t\t\t\t<\/span>\n\t\t<\/div>\n\t\t\t\t\t\t<\/div>\n\t\t\t\t<\/div>\n\t\t\t\t<div class=\"elementor-element elementor-element-17e514e elementor-widget elementor-widget-spacer\" data-id=\"17e514e\" data-element_type=\"widget\" data-widget_type=\"spacer.default\">\n\t\t\t\t<div class=\"elementor-widget-container\">\n\t\t\t\t\t\t\t<div class=\"elementor-spacer\">\n\t\t\t<div class=\"elementor-spacer-inner\"><\/div>\n\t\t<\/div>\n\t\t\t\t\t\t<\/div>\n\t\t\t\t<\/div>\n\t\t\t\t\t<\/div>\n\t\t<\/div>\n\t\t\t\t\t<\/div>\n\t\t<\/section>\n\t\t\t\t<\/div>\n\t\t","protected":false},"excerpt":{"rendered":"<p>Notre mission La photographie m\u00e9rite d\u2019\u00eatre vue, partag\u00e9e et v\u00e9cue. Le PHestival est n\u00e9 d\u2019une conviction simple : la photographie artistique ne doit pas rester enferm\u00e9e dans des galeries ou des mus\u00e9es. Elle peut aussi vivre dans l\u2019espace public, au c\u0153ur d\u2019une ville, au d\u00e9tour d\u2019une promenade ou face \u00e0 un paysage. Tous les deux [&hellip;]<\/p>\n","protected":false},"author":1,"featured_media":0,"parent":0,"menu_order":0,"comment_status":"closed","ping_status":"closed","template":"full-width.php","meta":{"_acf_changed":false,"footnotes":""},"class_list":["post-2447","page","type-page","status-publish","hentry"],"acf":[],"yoast_head":"<!-- This site is optimized with the Yoast SEO plugin v22.8 - https:\/\/yoast.com\/wordpress\/plugins\/seo\/ -->\n<title>Notre mission - Phestival<\/title>\n<meta name=\"robots\" content=\"index, follow, max-snippet:-1, max-image-preview:large, max-video-preview:-1\" \/>\n<link rel=\"canonical\" href=\"https:\/\/festivalphotophilippeville.be\/?page_id=2447\" \/>\n<meta property=\"og:locale\" content=\"fr_FR\" \/>\n<meta property=\"og:type\" content=\"article\" \/>\n<meta property=\"og:title\" content=\"Notre mission - Phestival\" \/>\n<meta property=\"og:description\" content=\"Notre mission La photographie m\u00e9rite d\u2019\u00eatre vue, partag\u00e9e et v\u00e9cue. Le PHestival est n\u00e9 d\u2019une conviction simple : la photographie artistique ne doit pas rester enferm\u00e9e dans des galeries ou des mus\u00e9es. Elle peut aussi vivre dans l\u2019espace public, au c\u0153ur d\u2019une ville, au d\u00e9tour d\u2019une promenade ou face \u00e0 un paysage. Tous les deux [&hellip;]\" \/>\n<meta property=\"og:url\" content=\"https:\/\/festivalphotophilippeville.be\/?page_id=2447\" \/>\n<meta property=\"og:site_name\" content=\"Phestival\" \/>\n<meta property=\"article:modified_time\" content=\"2026-03-20T10:57:26+00:00\" \/>\n<meta property=\"og:image\" content=\"https:\/\/festivalphotophilippeville.be\/wp-content\/uploads\/2026\/01\/IMG_9876-scaled.jpeg\" \/>\n<meta name=\"twitter:card\" content=\"summary_large_image\" \/>\n<meta name=\"twitter:label1\" content=\"Dur\u00e9e de lecture estim\u00e9e\" \/>\n\t<meta name=\"twitter:data1\" content=\"3 minutes\" \/>\n<script type=\"application\/ld+json\" class=\"yoast-schema-graph\">{\"@context\":\"https:\/\/schema.org\",\"@graph\":[{\"@type\":\"WebPage\",\"@id\":\"https:\/\/festivalphotophilippeville.be\/?page_id=2447\",\"url\":\"https:\/\/festivalphotophilippeville.be\/?page_id=2447\",\"name\":\"Notre mission - Phestival\",\"isPartOf\":{\"@id\":\"https:\/\/festivalphotophilippeville.be\/#website\"},\"primaryImageOfPage\":{\"@id\":\"https:\/\/festivalphotophilippeville.be\/?page_id=2447#primaryimage\"},\"image\":{\"@id\":\"https:\/\/festivalphotophilippeville.be\/?page_id=2447#primaryimage\"},\"thumbnailUrl\":\"https:\/\/festivalphotophilippeville.be\/wp-content\/uploads\/2026\/01\/IMG_9876-scaled.jpeg\",\"datePublished\":\"2026-03-20T09:03:36+00:00\",\"dateModified\":\"2026-03-20T10:57:26+00:00\",\"breadcrumb\":{\"@id\":\"https:\/\/festivalphotophilippeville.be\/?page_id=2447#breadcrumb\"},\"inLanguage\":\"fr-FR\",\"potentialAction\":[{\"@type\":\"ReadAction\",\"target\":[\"https:\/\/festivalphotophilippeville.be\/?page_id=2447\"]}]},{\"@type\":\"ImageObject\",\"inLanguage\":\"fr-FR\",\"@id\":\"https:\/\/festivalphotophilippeville.be\/?page_id=2447#primaryimage\",\"url\":\"https:\/\/festivalphotophilippeville.be\/wp-content\/uploads\/2026\/01\/IMG_9876-scaled.jpeg\",\"contentUrl\":\"https:\/\/festivalphotophilippeville.be\/wp-content\/uploads\/2026\/01\/IMG_9876-scaled.jpeg\"},{\"@type\":\"BreadcrumbList\",\"@id\":\"https:\/\/festivalphotophilippeville.be\/?page_id=2447#breadcrumb\",\"itemListElement\":[{\"@type\":\"ListItem\",\"position\":1,\"name\":\"Accueil\",\"item\":\"https:\/\/festivalphotophilippeville.be\/\"},{\"@type\":\"ListItem\",\"position\":2,\"name\":\"Notre mission\"}]},{\"@type\":\"WebSite\",\"@id\":\"https:\/\/festivalphotophilippeville.be\/#website\",\"url\":\"https:\/\/festivalphotophilippeville.be\/\",\"name\":\"Phestival\",\"description\":\"Festival de la photo de Philippeville\",\"potentialAction\":[{\"@type\":\"SearchAction\",\"target\":{\"@type\":\"EntryPoint\",\"urlTemplate\":\"https:\/\/festivalphotophilippeville.be\/?s={search_term_string}\"},\"query-input\":\"required name=search_term_string\"}],\"inLanguage\":\"fr-FR\"}]}<\/script>\n<!-- \/ Yoast SEO plugin. -->","yoast_head_json":{"title":"Notre mission - Phestival","robots":{"index":"index","follow":"follow","max-snippet":"max-snippet:-1","max-image-preview":"max-image-preview:large","max-video-preview":"max-video-preview:-1"},"canonical":"https:\/\/festivalphotophilippeville.be\/?page_id=2447","og_locale":"fr_FR","og_type":"article","og_title":"Notre mission - Phestival","og_description":"Notre mission La photographie m\u00e9rite d\u2019\u00eatre vue, partag\u00e9e et v\u00e9cue. Le PHestival est n\u00e9 d\u2019une conviction simple : la photographie artistique ne doit pas rester enferm\u00e9e dans des galeries ou des mus\u00e9es. Elle peut aussi vivre dans l\u2019espace public, au c\u0153ur d\u2019une ville, au d\u00e9tour d\u2019une promenade ou face \u00e0 un paysage. Tous les deux [&hellip;]","og_url":"https:\/\/festivalphotophilippeville.be\/?page_id=2447","og_site_name":"Phestival","article_modified_time":"2026-03-20T10:57:26+00:00","og_image":[{"url":"https:\/\/festivalphotophilippeville.be\/wp-content\/uploads\/2026\/01\/IMG_9876-scaled.jpeg"}],"twitter_card":"summary_large_image","twitter_misc":{"Dur\u00e9e de lecture estim\u00e9e":"3 minutes"},"schema":{"@context":"https:\/\/schema.org","@graph":[{"@type":"WebPage","@id":"https:\/\/festivalphotophilippeville.be\/?page_id=2447","url":"https:\/\/festivalphotophilippeville.be\/?page_id=2447","name":"Notre mission - Phestival","isPartOf":{"@id":"https:\/\/festivalphotophilippeville.be\/#website"},"primaryImageOfPage":{"@id":"https:\/\/festivalphotophilippeville.be\/?page_id=2447#primaryimage"},"image":{"@id":"https:\/\/festivalphotophilippeville.be\/?page_id=2447#primaryimage"},"thumbnailUrl":"https:\/\/festivalphotophilippeville.be\/wp-content\/uploads\/2026\/01\/IMG_9876-scaled.jpeg","datePublished":"2026-03-20T09:03:36+00:00","dateModified":"2026-03-20T10:57:26+00:00","breadcrumb":{"@id":"https:\/\/festivalphotophilippeville.be\/?page_id=2447#breadcrumb"},"inLanguage":"fr-FR","potentialAction":[{"@type":"ReadAction","target":["https:\/\/festivalphotophilippeville.be\/?page_id=2447"]}]},{"@type":"ImageObject","inLanguage":"fr-FR","@id":"https:\/\/festivalphotophilippeville.be\/?page_id=2447#primaryimage","url":"https:\/\/festivalphotophilippeville.be\/wp-content\/uploads\/2026\/01\/IMG_9876-scaled.jpeg","contentUrl":"https:\/\/festivalphotophilippeville.be\/wp-content\/uploads\/2026\/01\/IMG_9876-scaled.jpeg"},{"@type":"BreadcrumbList","@id":"https:\/\/festivalphotophilippeville.be\/?page_id=2447#breadcrumb","itemListElement":[{"@type":"ListItem","position":1,"name":"Accueil","item":"https:\/\/festivalphotophilippeville.be\/"},{"@type":"ListItem","position":2,"name":"Notre mission"}]},{"@type":"WebSite","@id":"https:\/\/festivalphotophilippeville.be\/#website","url":"https:\/\/festivalphotophilippeville.be\/","name":"Phestival","description":"Festival de la photo de Philippeville","potentialAction":[{"@type":"SearchAction","target":{"@type":"EntryPoint","urlTemplate":"https:\/\/festivalphotophilippeville.be\/?s={search_term_string}"},"query-input":"required name=search_term_string"}],"inLanguage":"fr-FR"}]}},"_links":{"self":[{"href":"https:\/\/festivalphotophilippeville.be\/index.php?rest_route=\/wp\/v2\/pages\/2447","targetHints":{"allow":["GET"]}}],"collection":[{"href":"https:\/\/festivalphotophilippeville.be\/index.php?rest_route=\/wp\/v2\/pages"}],"about":[{"href":"https:\/\/festivalphotophilippeville.be\/index.php?rest_route=\/wp\/v2\/types\/page"}],"author":[{"embeddable":true,"href":"https:\/\/festivalphotophilippeville.be\/index.php?rest_route=\/wp\/v2\/users\/1"}],"replies":[{"embeddable":true,"href":"https:\/\/festivalphotophilippeville.be\/index.php?rest_route=%2Fwp%2Fv2%2Fcomments&post=2447"}],"version-history":[{"count":25,"href":"https:\/\/festivalphotophilippeville.be\/index.php?rest_route=\/wp\/v2\/pages\/2447\/revisions"}],"predecessor-version":[{"id":2708,"href":"https:\/\/festivalphotophilippeville.be\/index.php?rest_route=\/wp\/v2\/pages\/2447\/revisions\/2708"}],"wp:attachment":[{"href":"https:\/\/festivalphotophilippeville.be\/index.php?rest_route=%2Fwp%2Fv2%2Fmedia&parent=2447"}],"curies":[{"name":"wp","href":"https:\/\/api.w.org\/{rel}","templated":true}]}}